 d(i) = 3*p(i) - y(i). Let h = 140 + -135. Suppose 5*n - 7 + 0 = -4*g, 3*g + h*n - 9 = 0. Give d(g).
-18
Let g be (-836)/(-165) + (-17)/255. Let f(y) be the second derivative of 0 - 1/2*y**2 + 0*y**3 + 3/20*y**g + 1/6*y**4 + 14*y. Give f(-1).
-2
Let x(q) be the first derivative of -q**3/3 - 2*q**2 + 10*q + 370. Calculate x(-6).
-2
Let m(u) = -3*u + 3. Let s(v) = v - 16*v + 1 + 14*v. Suppose -5*b - 1 = -z - 2, 0 = b. Let w(y) = z*m(y) + 2*s(y). Give w(-4).
-5
Let k(c) = -8*c - c**3 + 5*c**2 - 37*c - 13 + 20*c + 2*c**3. Calculate k(-8).
-5
Suppose 5*h - 1417 = z, -6*z + 583 = 2*h - z. Let k(q) = q**2 + 281 - 3*q + 0*q - h + 5*q. Suppose 14 = -2*j - 0*j. What is k(j)?
32
Suppose -241*k + 2*r + 32 = -237*k, -4*r - 4 = 4*k. Let t(o) = 9*o + 9. Calculate t(k).
54
Let s(l) be the first derivative of l**3/3 - 11*l**2/2 + 14*l - 4063. Give s(10).
4
Let s(m) be the second derivative of m**3/6 - 6*m**2 + 54*m. Let z(a) = a**3 + a**2 + 2*a + 5. Suppose v + 5 = l, v + 2 = 4*l - 18. Let q be z(v). Give s(q).
-7
Let s(n) = -n - 1. Suppose 52*c - 762 = 694. Suppose 6*f + c + 44 = 0. Calculate s(f).
11
Let c(g) = -37*g + 228. Let z = -3046 + 3052. Give c(z).
6
Let p(q) = -q - 31. Let n(a) = a + 24. Let k(j) = -4*n(j) - 3*p(j). Let o = 6 - 9. Calculate k(o).
0
Let f(m) = 6*m - 2. Let j = 22 - 93. Let a = j + 53. Let l(o) = o**2 + 20*o + 38. Let w be l(a). What is f(w)?
10
Let r(g) be the third derivative of -g**4/6 - 11*g**3/6 - g**2. Suppose 2*w = -5*c - 60, -61*c + 74 = -64*c - 5*w. What is r(c)?
21
Let r(n) = 2*n**2 - 4*n + 3. Let o = 1 - -36. Let h = 42 - o. Suppose d + h*g - 7 = 0, -4*g + 5 = 1. Determine r(d).
3
Suppose -3*t - 1 + 11 = -2*w, 0 = 3*w + 6. Let p(n) = 12 + 15 - t*n - 26. Suppose -34*a - 4 = -36*a. Determine p(a).
-3
Let c(a) = -a + 1. Let z(n) = 17*n - 3 - n**2 - 8*n - 6*n - 8*n**3 - 6*n. Suppose 3*k + 3 = 4*g, -g = -2*k - 5*g - 2. Let d be z(k). Calculate c(d).
-6
Suppose -60 = 3*z - 42. Let o be (-8)/(5/(435/z)). Let n(j) = 5*j**2 - 4*j**2 - 113 + o. Give n(0).
3
Let u(w) = -w**2 + 2*w + 14. Let c = -6322 - -6326. What is u(c)?
6
Let b(s) be the third derivative of s**5/60 - 5*s**4/6 + 3*s**3 - 240*s**2. What is b(19)?
-1
Let g be ((-5 + 10)/(-5))/((-2)/4). Let j(s) = -4*s + 194 + 196 - 389. Give j(g).
-7
Let u(t) = t**3 + 7*t**2 + 6*t - 2. Suppose 4*h - 34 = 138. Let x = 48 - h. Suppose -93 = x*c - 63. What is u(c)?
-2
Let d(k) = k**2 - k - 2. Let r(y) = y**2 + 24*y. Let w(q) = -28*q. Let u(i) = -4*r(i) - 3*w(i). Let b(z) = -2*d(z) - u(z). What is b(-7)?
4
Let i(p) = -p**2 - 5*p - 10. Let b = 1063 + -1063. What is i(b)?
-10
Let o(k) = 7*k + 3 - k**3 - 8*k + 20*k**2 + 9*k + 13*k. Let h be o(21). Let z(l) = -l**2 + 3*l + 1. Give z(h).
1
Let h(f) be the second derivative of -f**4/12 + 14*f**3/3 - 63*f**2 + 3878*f. Calculate h(6).
6
Let v(s) = -s**2 - 14*s + 8. Suppose 2*o + 6 = 2*j, -4*j + 2 + 18 = 0. Suppose -35 = 6*w - 3*w + 2*r, -5 = w + o*r. Calculate v(w).
-7
Suppose -s - 3*s = 3*j - 551, 2*j - 2 = 0. Let t(y) = 139*y + 0 - s*y - 2 - 6. Give t(7).
6
Suppose -37020 = 10*j - 70*j. Let x = -622 + j. Let c(d) = -d**2 - 3*d + 6. Give c(x).
-4
Let z(j) be the third derivative of -j**4/8 - 4*j**3 - 6622*j**2. Determine z(-10).
6
Let k(f) be the third derivative of -f**4/24 + f**3/3 + 7455*f**2. What is k(16)?
-14
Let a = -21689 - -21692. Let h(d) be the third derivative of 19*d**2 + 0*d + 0 + 1/24*d**4 - 1/30*d**5 - 1/3*d**a + 1/60*d**6. Give h(2).
8
Let c(j) = -3*j - 10. Suppose 0 = 5*a - 28 + 48. Let h be c(a). Let r(i) = i + 2*i**2 + 2*i**2 + h + i**3 + 4*i. Determine r(-3).
-4
Let p(h) be the first derivative of -h**4/4 - 8*h**3/3 - 7*h**2 + 4*h - 3008. Calculate p(-6).
16
Let b(z) = -z + 574. Let v(d) = 2*d - 1050. Let n(c) = 11*b(c) + 6*v(c). What is n(7)?
21
Let t(a) = 5*a**2 - 87*a + 232. Let m(d) = 3*d**2 - 54*d + 154. Let x(k) = 8*m(k) - 5*t(k). Calculate x(0).
72
Suppose -f + 5 = -2*f. Suppose w - 140 = 2*x, 3*w + 4*x = 94 + 276. Let c(m) = -w*m + 64*m + 64*m - 4. What is c(f)?
6
Let a(u) = -183*u - 375. Let h be a(-2). Let l(w) = -9*w + 18. Calculate l(h).
99
Let b(o) be the third derivative of 0*o**5 + 1/6*o**3 + 1/40*o**6 + 0*o + 0 - 2*o**2 + 1/24*o**4. Let k = -276 + 275. What is b(k)?
-3
Let z(m) = -15*m - 73. Let f(b) = 29*b + 128. Let t(y) = 4*f(y) + 7*z(y). What is t(-5)?
-54
Let a(z) be the first derivative of z**2/2 + z + 524. Calculate a(-12).
-11
Let d = 33 + -21. Suppose 40*t = 36*t + d. Suppose -3*o = t*b + 15, 0 = -9*o + 4*o + 4*b - 25. Let n(f) = 2*f + 4. Calculate n(o).
-6
Suppose 5*o + 28 = -2*n, -4*o + 2*n + 3*n = -4. Let x be (-10)/4 + 1 - 2/o. Let s(r) = -13*r + 1. Calculate s(x).
14
Suppose -6*h + 2*h + 8 = 0. Let v(m) = 0 + h*m - 4 + m. Let u be 175/25 - 9 - (0 - (-1 + 0)). Give v(u).
-13
Let x(j) be the first derivative of -1/2*j**2 - 17*j + 50. Determine x(-9).
-8
Suppose 4*p + 9*k = 4*k + 12, -8 = 2*k. Let l(h) = 0*h + p*h - 5 - 13*h + 8*h. Determine l(5).
10
Let t(i) = i**2 - i - 1. Let s(q) = -2*q**2 - 3*q + 9. Let x(p) = s(p) + 3*t(p). Suppose -26*n + 8 = -24*n. Calculate x(n).
-2
Let t be (-1)/(-1 + 2/3). Let r = -1050 + 1053. Let z(l) = -27*l**t + 59*l**r - 2*l - 30*l**3. Give z(2).
12
Let q be 0 + -1 + 0 - 0. Let l(a) be the second derivative of -4*a**3/3 + 434329*a. Determine l(q).
8
Let p(z) be the second derivative of -z**5/20 - z**4/4 + 3*z**3/2 - z**2/2 + 46*z - 3. What is p(-5)?
4
Let b(y) = 22*y - 43. Let s be b(2). Let p(z) = -z**2 + 3*z + 1. Let f(o) = -o. Let u(w) = s*p(w) + f(w). Determine u(-1).
-2
Let c(i) = -i**2 + 16*i + 19. Let o be 3 + 85*(-38)/(-95)*2/4. What is c(o)?
-61
Let n(c) = 1. Let r(o) = 2*o + 1. Let i(m) = -3*n(m) - r(m). Let u = -1889 + 1895. What is i(u)?
-16
Let s(v) be the second derivative of -v**5/20 - 5*v**4/12 - 3*v**2/2 - 5*v. Suppose 0 = -33*a + 32*a + 6. Let d be -3 - 0*(3 + (-21)/a). Calculate s(d).
-21
Let l(n) = -48840*n + 42 - 2 + 48831*n + 15. Determine l(6).
1
Let q(r) = -14*r - 21*r**2 + 59*r**2 - 17*r**2 - 12*r**2 - 89 - 13*r**2 - r**3. Calculate q(-5).
6
Let k(o) = o**2 + 2*o + 10. Let f(s) = -s**2 + s - 2. Let l = 137 - 135. Let j(c) = l*f(c) + k(c). Suppose -h + 1 = v, 0*h = -2*v - 3*h - 3. Give j(v).
-6
Let a(z) be the second derivative of z**4/12 - z**3/6 + 9*z**2 + 4049*z. Determine a(0).
18
Let g(d) = -6*d - 2. Let o(q) = 6*q - 55. Let c(n) = 9*n**2 - 2*n - 2. Let v be c(-1). Let s be o(v). Calculate g(s).
4
Let t = 37 + -35. Let w(x) = 333*x - 166*x + x**t + 12 - 159*x. Determine w(-6).
0
Let b(u) = -u - 11. Suppose 0 = -3*p + 5*o - 34, -43 = 2*p - 5*o - 7. What is b(p)?
-13
Let a(c) = -15 - 2*c**2 + 2 + 8 + 7*c**2 - c**3. Suppose 0 = -5*d + 68 - 48. Calculate a(d).
11
Let a(n) = 14*n**3 - 36*n**2 - 17*n + 163. Let g(w) = 5*w**3 - 12*w**2 - 6*w + 57. Let o(b) = -6*a(b) + 17*g(b). Determine o(-12).
-9
Let h(a) = -6*a**3 + 4*a**2 + 2*a. Let f be (-15)/35 - -4*102/168. Calculate h(f).
-28
Let m(z) = -z**3 - 6*z**2 + 9*z + 9. Let p = -18 - 138. Let i = -163 - p. What is m(i)?
-5
Let y(b) = -b - 276. Let f(n) = -45. Let x(c) = -6*f(c) + y(c). Calculate x(-7).
1
Let s(q) be the second derivative of -q**8/6720 + q**7/420 - q**6/240 + q**5/24 + 79*q**4/12 - 4*q - 9. Let k(m) be the third derivative of s(m). Give k(5).
15
Let p(a) = -a**3 - 12*a**2 - 36*a - 27. Let x be p(-8). Let q(f) be the first derivative of -f**4/4 + 8*f**3/3 - 5*f**2/2 - f + 8. Calculate q(x).
49
Let d = 9487/28479 - -2/9493. Let n(v) be the second derivative of 0 - d*v**3 + 1/20*v**5 - 17*v - 1/3*v**4 + 1/2*v**2. Determine n(4).
-7
Let w(u) = 16861*u**2 + 6 - 15*u - 8445*u**2 - 8419*u**2. Give w(-10).
-144
Let c be 6/4 + (-2)/(-4). Let b(g) = -44*g + 22*g + c + 25*g. Let d be (-3)/((-9)/(-5)) + 1040/(-240). Calculate b(d).
-16
Let n(z) = 35*z + 350. Let h be n(-10). Let v(a) = -2*a**2 + a - 4. Calculate v(h).
-4
Let t(o) = o + 78. Let w(g) = -g - 19. Let a(z) = -t(z) - 4*w(z). Let x be 8/2 + 4/2. Calculate a(x).
16
Let d(w) be the second derivative of 1/2*w**3 - 1/2*w**2 - 1/6*w**4 - 1/20*w**5 - 29*w + 0. Calculate d(-3).
-1
Let u(h) = -4*h**2 + 135. Let a(g) = -3*g**2 + 89. Let i(m) = -7*a(m) + 5*u(m). What is i(0)?
52
Let j(b) be the first derivative of b**2 + 2*b - 1049. Determine j(-1).
0
Let o(m) be the first derivative of m**4/4 + 10*m**3/3 - 25*m**2/2 - 8*m + 3905. Give 